(base 7) to base 8.
2424421
4831151 (base 9) to base 10
2618695
What is -40440532 (base 7) in base 13?
-910648
3422231 (base 5) to base 3
10002121002
Convert -231203100 (base 5) to base 8.
-3753114
What is -9e64b5 (base 15) in base 5?
-3414030240
-108304 (base 11) to base 16
-2a022
-140313423 (base 6) to base 14
-53762b
Convert e943 (base 15) to base 6.
1020230
What is -159758 (base 13) in base 10?
-535127
Convert -1313030300 (base 4) to base 13.
-1412cc
What is -76cee (base 15) in base 3?
-201011220022
What is 14035552 (base 7) in base 8?
4761453
11002103212 (base 4) to base 13
372b83
Convert -3201101 (base 5) to base 7.
-311216
What is 138ecc2 (base 15) in base 9?
28516282
440613 (base 7) to base 15
17cc6
Convert -72782a (base 15) to base 3.
-101020111111011
Convert 33423 (base 8) to base 3.
201100012
-227514 (base 16) to base 14
-42ad5a
-21121021022 (base 3) to base 4
-210202022
What is 21a767 (base 12) in base 6?
15301011
-442260 (base 7) to base 4
-102331122
Convert 2112020112021 (base 3) to base 4.
11013323203
Convert -1220423 (base 6) to base 3.
-10022002220
What is -20410212 (base 5) in base 2?
-101001010111011000
Convert 1534325 (base 9) to base 7.
10135553
What is -9aaa83 (base 15) in base 2?
-11100001000111101101100
-15ab38 (base 13) to base 7
-4400303
What is -d4bf5f (base 16) in base 3?
-222020100200110
Convert 5423023 (base 7) to base 3.
1020121011101
What is -1340000 (base 7) in base 13?
-62b43
-36722614 (base 8) to base 9
-16220575
What is -1003010133 (base 4) in base 3?
-111221211210
Convert -28320 (base 16) to base 7.
-1254000
Convert 21291 (base 15) to base 4.
121223323
Convert -133147 (base 12) to base 11.
-1a6808
-14333314 (base 8) to base 3
-20010112012220
Convert -563664 (base 8) to base 4.
-232132310
-a0182 (base 11) to base 7
-1150316
96a962 (base 11) to base 3
2220211122001
What is -23636aa (base 11) in base 6?
-224141132
What is 229d9 (base 15) in base 10?
110229
What is 5836505 (base 9) in base 11?
1864771
-5b685 (base 16) to base 12
-160805
Convert -a1b0b3 (base 12) to base 16.
-2693c7
Convert 2b49b4 (base 14) to base 11.
942368
Convert -33502 (base 6) to base 16.
-126e
-12112101320 (base 4) to base 10
-1664120
What is 255c337 (base 14) in base 7?
305526600
Convert 450122 (base 7) to base 14.
20c82
-1102222022211 (base 3) to base 11
-484406
-20bad (base 16) to base 11
-917a4
-1521051 (base 7) to base 13
-73209
What is -226612463 (base 7) in base 13?
-2b893b0
What is -302140 (base 5) in base 14?
-374a
What is 2267864 (base 10) in base 12?
914508
ab164 (base 13) to base 3
120202021112
Convert b216 (base 14) to base 11.
20a95
Convert -21b901 (base 12) to base 11.
-338812
-425388 (base 10) to base 8
-1476654
-a962d2 (base 15) to base 14
-11010c0
100000110101011001 (base 2) to base 8
406531
-870842 (base 11) to base 15
-1c763e
1031222033 (base 4) to base 13
b1a2b
Convert -46bd7 (base 16) to base 15.
-5acbb
7753066 (base 11) to base 6
1203340402
What is 1253434 (base 6) in base 16?
10f7e
Convert -14391cc (base 13) to base 12.
-2195ba6
What is 2692a6b (base 13) in base 8?
56247726
287553 (base 10) to base 8
1061501
What is -562423 (base 8) in base 7?
-1420051
516453 (base 7) to base 3
11111201020
5e70b3 (base 15) to base 6
241025310
What is 136e2b (base 15) in base 8?
3441443
What is -40337 (base 8) in base 13?
-7736
What is 4165556 (base 8) in base 7?
12265534
Convert 43b3b (base 12) to base 9.
146112
Convert -1001100100000010011 (base 2) to base 8.
-1144023
25fd34 (base 16) to base 13
692289
-22106761 (base 8) to base 7
-55262524
Convert 1405a0 (base 13) to base 8.
1666160
614e45 (base 15) to base 13
c5b66a
What is -214777 (base 8) in base 9?
-120022
-65d7d (base 15) to base 9
-542881
Convert 136065 (base 9) to base 3.
11020002012
Convert -17152 (base 9) to base 2.
-10111000010000
Convert 1052547 (base 11) to base 3.
10110220002120
101110011100101101001011 (base 2) to base 11
6967186
What is -5ebf0 (base 16) in base 6?
-12152400
-23350 (base 10) to base 9
-35024
76a5 (base 11) to base 3
111221020
What is 4241120 (base 5) in base 14?
1c04a
Convert 25a579 (base 15) to base 11.
1024584
37b12 (base 12) to base 9
125105
2c2db (base 15) to base 14
39c7c
Convert -724838 (base 9) to base 8.
-1507760
Convert 114b21 (base 13) to base 5.
101114103
What is -222001130 (base 4) in base 9?
-282088
What is 2334262 (base 7) in base 13?
a402c
What is -21213331133 (base 4) in base 11?
-1473604
What is -2510513 (base 7) in base 13?
-b3735
Convert -101247 (base 10) to base 4.
-120231333
What is 13072668 (base 9) in base 11?
3699404
20323514 (base 7) to base 13
478559
What is aacb (base 16) in base 8?
125313
Convert 2511817 (base 9) to base 15.
1beb71
50948 (base 10) to base 8
143404
What is 1393981 (base 10) in base 12?
572851
3caa0 (base 16) to base 12
bb968
What is -17941bb (base 12) in base 13?
-1034210
Convert -4860145 (base 9) to base 6.
-132311152
Convert -20003305 (base 6) to base 5.
-120420013
What is 222220231222 (base 4) in base 11?
6344337
What is -11232121 (base 5) in base 7?
-603563
What is -283498 (base 12) in base 13?
-1a5916
Convert 1392936 (base 14) to base 6.
535311112
367e6 (base 16) to base 6
4441210
-111011002222211 (base 3) to base 13
-15a95b2
Convert 4309a (base 11) to base 7.
350462
Convert 239b650 (base 12) to base 11.
39aa963
-ecc820 (base 15) to base 8
-53021270
What is 7604a86 (base 11) in base 13?
2a03437
What is -4eef10 (base 16) in base 4?
-103232330100
-2032425 (base 6) to base 11
-67523
-111112220112100 (base 3) to base 15
-973ea3
Convert -11231352 (base 6) to base 9.
-577135
What is -5633343 (base 7) in base 8?
-2522231
What is -11453416 (base 7) in base 14?
-1c847d
-5661014 (base 9) to base 10
-3051607
-a2932 (base 11) to base 2
-100100101010110100
What is -923c2 (base 16) in base 10?
-598978
Convert 10220011022 (base 3) to base 6.
1350525
-2117022 (base 8) to base 16
-89e12
Convert 4010400 (base 5) to base 10.
63225
-1502143 (base 7) to base 15
-3eeba
-1d076c (base 15) to base 8
-5323651
What is -11030405 (base 6) in base 3?
-121210112112
What is -111011010101010111 (base 2) in base 10?
-243031
What is -102023110222 (base 4) in base 8?
-22132452
220020121012002 (base 3) to base 14
19d5723
3014318 (base 9) to base 16
1879dc
-1000010010100011 (base 2) to base 14
-c535
-113123321 (base 4) to base 13
-34901
Convert -205020 (base 9) to base 14.
-32533
59744 (base 10) to base 4
32211200
What is 1848041 (base 10) in base 6?
103335425
-2521515 (base 6) to base 13
-496c4
200121211 (base 4) to base 3
20202001011
Convert 155256 (base 8) to base 10.
55982
-1728654 (base 9) to base 10
-964273
-343405 (base 6) to base 12
-14b65
What is -160513 (base 9) in base 6?
-2041320
Convert 311504044 (base 6) to base 3.
101011121120001
What is b4115 (base 12) in base 7?
1666424
Convert -187184 (base 11) to base 3.
-112121122220
What is 5a6491 (base 13) in base 7?
24216602
4216023 (base 9) to base 4
20212133202
What is 5c781 (base 16) in base 11?
239621
What is 201011200021 (base 3) in base 10?
377386
What is 28a872 (base 14) in base 10?
1412084
-3465017 (base 8) to base 13
-270c8a
1412553 (base 7) to base 13
678b7
What is -25627 (base 9) in base 16?
-437e
Convert 8b598d (base 15) to base 10.
6650908
Convert -22777632 (base 8) to base 16.
-4bff9a
279d1 (base 16) to base 12
79a95
What is -1214127 (base 13) in base 16?
-558e22
Convert 3234111 (base 5) to base 16.
d8eb
Convert 10313102423 (base 5) to base 8.
52155204
What is 3bab8 (base 12) in base 4?
110031230
Convert 59546 (base 11) to base 5.
10221324
2335712 (base 9) to base 10
1263935
What is 103342 (base 14) in base 5?
114443302
What is -4447a (base 12) in base 4?
-112012132
-2a17e (base 15) to base 4
-201002300
Convert 7325743 (base 8) to base 15.
286267
-51066601 (base 7) to base 12
-1510877
-83891 (base 11) to base 6
-2341405
22532235 (base 6) to base 14
141b67
1cecd (base 15) to base 5
11010333
What is 1210012011222 (base 3) in base 11?
598740
Convert -8b5dd0 (base 15) to base 9.
-13457576
929486 (base 14) to base 16
4b6bfe
What is 24499 (base 10) in base 4?
11332303
What is 113060514 (base 7) in base 8?
32421661
-1001010101101101110 (base 2) to base 3
-120112210110
Convert 2122123 (base 5) to base 2.
1000110001001001
23604 (base 12) to base 15
e134
What is 5667402 (ba